.
8
Suppose -4*d + y + 595 = -d, 25 = 5*y. What is the greatest common divisor of d and 640?
40
Let n(r) = 0*r + 17*r**2 - r**3 + 11*r**2 + 14 + 19 - r. Let u be n(28). What is the greatest common divisor of 125 and u?
5
Suppose -13 = -2*a - 3*s, -a - 10 = s - 5*s. Let h be (2*a)/((-12)/(-168)). Let m = -716 - -730. What is the greatest common divisor of m and h?
14
Suppose -4*z + 325 + 167 = 0. Let x = -1014 + 1096. Calculate the greatest common divisor of x and z.
41
Suppose -3*t + 20 + 3 = s, 3*s - 6 = 0. Suppose t*u - 12 = 9. Calculate the greatest common divisor of u and 1.
1
Let b = 1616 - 1608. Let g = -6 + 78. Suppose 3*w = w + g. Calculate the greatest common divisor of w and b.
4
Suppose -132 = -4*p + 8. Let o be (-2)/((-345)/570 - 2/(-4)). Let t = p - o. What is the greatest common divisor of t and 64?
16
Let r(u) = -326*u**3 - 2*u**2 - 3*u - 1. Let y be r(-1). Suppose 2*f = -3*j + 642, 3*j + y - 1616 = -4*f. What is the highest common factor of f and 36?
36
Let d = 2249 + -2155. Suppose -b + 2*b - 8 = 0. Let w be d/b - (45/(-20) - -2). What is the highest common factor of 204 and w?
12
Suppose 0 = -14*d - 24 + 94. Suppose -4*n - 64 = -j, d = -j + n + 57. Let q be 6/15*6*5. What is the greatest common divisor of j and q?
12
Suppose 377 - 2417 = -27*y + 6600. Calculate the highest common divisor of y and 100.
20
Let g(u) = -7*u - 9 - 31*u**2 + 14*u**2 + 16*u**2. Let d be g(-4). Let o be d + (-2 - 1)*12/18. Calculate the greatest common divisor of o and 5.
1
Suppose -5*c + 36 = 4*d + 66, -c = 3*d + 17. Let n be ((-6)/21)/(c/98). Calculate the greatest common factor of n and 658.
14
Let p(y) = 2*y**2 - 6*y - 7. Let b be p(-1). Let v be ((-15)/(-20))/(b/32). Let h be (-112)/(-6)*63/7. What is the highest common divisor of v and h?
24
Suppose t - 3*t + 80 = 0. Let k be (-520)/13*(-10)/20. Calculate the greatest common factor of t and k.
20
Let y = -52 - -56. Suppose -624 = -q + y*p, -687 - 561 = -2*q + p. Calculate the greatest common divisor of q and 48.
48
Suppose -8*l - 11*l = 9*l - 29624. Calculate the highest common divisor of l and 322.
46
Let f(c) be the first derivative of c**4/4 - 6*c**3 + 23*c**2/2 + 15*c + 14. Let s be f(17). Let t = -98 + s. Calculate the highest common divisor of 76 and t.
19
Let c be 12/(-16)*4/(-4)*412. Suppose -i - c = -330. What is the greatest common factor of 168 and i?
21
Let c = 515 - 431. What is the highest common divisor of 5817 and c?
21
Let y(s) = -5*s + 52. Let n be y(9). Let q be ((693/15)/n)/((-2)/(-10)). What is the greatest common factor of q and 264?
33
Let f(q) = 2*q - 6. Let w be f(3). Let n be (1 - w) + 7/((-21)/(-6)). Suppose n*y - 741 = -69. What is the highest common factor of 32 and y?
32
Suppose -5*b = -4*p + 8, -3*p - 4*b - 86 = -92. Let q = 116 - 70. Calculate the greatest common divisor of q and p.
2
Let i(o) = -251*o - 2277. Let u be i(-18). Calculate the highest common factor of u and 913.
83
Let p = 5499 + -5481. What is the highest common factor of 4023 and p?
9
Suppose -180 = -3*f + 4*x + 496, -2*f - 4*x = -484. What is the greatest common divisor of 2378 and f?
58
Let t = 129 - 57. Suppose 5*w = g + 2*g - t, 74 = -5*w + g. Let k be 1/((-33)/w - 2). What is the highest common factor of k and 110?
5
Suppose -6*k + 8*k = -161*k + 1956. What is the highest common factor of 108 and k?
12
Let i = 76 - 46. Suppose 10156 = -5*s + 11306. Calculate the greatest common divisor of s and i.
10
Suppose -3619*u + 3556*u = -8190. Suppose -21 = -4*d - 1. Suppose 4*i = d*i - 52. What is the highest common factor of i and u?
26
Suppose -533*v + 40 = -528*v. Suppose 0 = -2*p + 8, 8*p = n + 3*p - v. What is the highest common factor of n and 32?
4
Suppose -w + 1678 + 925 = 0. What is the greatest common factor of w and 19?
19
Let j(s) = 3*s**2 + 28*s - 137. Let p be j(-23). What is the greatest common factor of 248 and p?
62
Suppose -3*i + 24 = -4*m + 173, 0 = -3*m + 3*i + 117. What is the greatest common divisor of m and 3236?
4
Let z(p) = p**2 + 28*p - 440. Let h be z(-40). What is the highest common factor of h and 80?
40
Let h(y) = -y**3 - 6*y**2 + 3*y + 13. Let t be h(-7). Let u = t + 36. Let l = u - 29. Calculate the highest common divisor of l and 3.
3
Let w(r) = r**3 + 12*r**2 - 73*r - 365. Let u be w(-15). Calculate the greatest common factor of u and 365.
5
Let y be (-5804)/6*(-30)/10. Suppose -y = -19*s + 974. Calculate the highest common divisor of 12 and s.
12
Suppose -153 = -2*q + 47. Let w(i) = -4*i + 10. Let p be w(8). Let x = p + 32. Calculate the greatest common factor of x and q.
10
Let z(x) = 6*x + 11. Let a be z(-2). Let y be 770/10 + (-3 - 2/a). What is the greatest common factor of y and 418?
38
Let b be (270/35)/(((-20)/112)/(-5)). Let c = b - 125. Calculate the highest common factor of c and 117.
13
Suppose -99 - 42 = -3*s - 2*o, -5*o = 12*s - 573. What is the highest common divisor of s and 1057?
7
Suppose 8*k + 546 = 15*k. Let q be (-12)/k - 6/(-39). Suppose 5*m + 10 = q, t + 4*m - 77 - 27 = 0. What is the greatest common divisor of t and 56?
56
Suppose 0 = 10*k + 12*k + 6 - 72. What is the highest common factor of k and 3795?
3
Suppose 3*v = -15*v + 1728. Suppose -v = 7*o - 201. Suppose -n - 5*a = -6*n + 25, 0 = -5*n + a + 25. Calculate the highest common divisor of n and o.
5
Suppose -147*r + 42*r + 18480 = 0. Calculate the greatest common factor of 336 and r.
16
Suppose -32*z - 7*z - 49*z = -133584. Calculate the greatest common divisor of 44 and z.
22
Suppose 42*y = 38*y - 968. Let r = -239 - y. What is the highest common divisor of r and 2?
1
Let c(o) = -o**3 - 2*o**2 + 2*o - 4. Let g be c(-3). Let v be ((11592/(-4))/6 - -6)/g. Calculate the highest common divisor of 53 and v.
53
Suppose -5*g + 3 = -2. Let i be (9/(-36))/(g/(-8)). Suppose i*z - 3*w = 6 + 63, -5*z + w = -140. What is the greatest common divisor of z and 135?
27
Suppose -5*d - 5*s = -2315, d + 2*s - 85 = 375. Suppose 7*b - d = 122. Suppose 3*g + 9 = j - 21, -j + g = -26. Calculate the highest common factor of j and b.
12
Let s be (-1)/(-3) + 2139/9. Let o(h) = 14*h - 64. Let z be -3 + 4 + 24/4. Let w be o(z). Calculate the highest common factor of w and s.
34
Suppose -29*t + 16*t = 78. Let m be 8924/552 + 1/t + 0. What is the greatest common factor of 752 and m?
16
Let s = 244 + 1914. What is the greatest common divisor of 104 and s?
26
Let i(k) = -k + 9. Let a be i(-8). Suppose -73*j + 11475 = -64*j. Calculate the greatest common factor of j and a.
17
Let l(c) be the second derivative of -c**5/20 - c**4/4 + c**3/6 + c**2 - 17*c + 1. Let m be l(-4). Calculate the highest common factor of 189 and m.
7
Suppose -3*q + m = -80010, 198*q = 194*q - 4*m + 106680. Calculate the highest common factor of 70 and q.
70
Let l = -3326 - -3335. Calculate the highest common factor of l and 1611.
9
Let z be 2/8 + 203/4. Let w(v) = 1782*v + 30396. Let o be w(-17). What is the highest common divisor of o and z?
51
Suppose 3*j + 37 = -3*a + 121, 1 = -j. Let k = -25 + a. Suppose f - 366 = -3*g - 2*f, 0 = -5*g - k*f + 614. Calculate the highest common divisor of g and 18.
18
Suppose -36*q + 7344 = -32*q + 4*c, 0 = q - 3*c - 1852. Calculate the greatest common factor of 345 and q.
115
Let c(f) = -f**2 + 580. Let k be c(23). What is the greatest common factor of k and 119?
17
Let x(f) = -f + 36. Let d be x(17). Suppose -d*o = -23*o - 256. Let k = o + 74. Calculate the greatest common divisor of 70 and k.
10
Suppose -25*m = -26*m + 72. Let f be (297/(-44))/(3/(-56)). What is the greatest common factor of m and f?
18
Suppose 5 - 2 = -3*y, -2*u - y + 87 = 0. Let o = -40 + u. Suppose -4*k + 1 = -w, -13 - o = -5*k - 4*w. Calculate the greatest common divisor of k and 5.
1
Let c(n) = n**3 - 28*n**2 - 54*n + 44. Let r be c(30). What is the greatest common divisor of r and 1288?
56
Let q(h) = -3*h**3 + 24*h**2 + 20*h - 8. Let g be q(7). Let z = g + -268. What is the highest common divisor of z and 55?
11
Suppose -37*y - 375 = -40*y. What is the greatest common factor of y and 1425?
25
Let j(l) = -2*l**3 - 5*l**2 + 9. Let t be j(-3). Suppose 3*g + 670 = -2*g. Let b = g - -296. Calculate the greatest common divisor of t and b.
18
Suppose -j - j = j. Suppose -5*d = 25, g - 3*d - 2*d - 28 = j. Suppose -g*x + 15 = 3. Calculate t